 + 3 = 3*s - 39. What are the prime factors of s?
2, 5
Let w = 774 + -1104. Let s be (5/3)/((-2)/w). Suppose 0 = 6*f - f - s. What are the prime factors of f?
5, 11
Let j be (-1 + -4)/(-1) + 361. Suppose -j = -15*g + 474. List the prime factors of g.
2, 7
Let k(i) be the third derivative of 0 + 0*i + 3/8*i**4 - 1/6*i**3 + i**2 + 1/30*i**5. List the prime factors of k(-6).
17
Let p(f) = f**2 - 6*f + 4. Let m be p(6). Let k(b) = b**3 - 5*b**2 - 5*b - 13. Let t be k(6). What are the prime factors of (-7)/t + m + -2?
3
Let o(n) = n**2 - 10*n + 12. Let w be o(12). Let r = w - -36. What are the prime factors of r?
2, 3
Let y(g) = g**2 + g + 5. Let t be y(-6). Let x = -735 - -721. List the prime factors of (x/t)/((-1)/115).
2, 23
Suppose -81*j = -87*j + 2418. List the prime factors of j.
13, 31
Suppose -7*b = b - 344. What are the prime factors of b?
43
Suppose -11 = -4*q - 7. Let p be -3*(4/(-6))/q. Suppose -4*v = p*l - 40, 0*v = 4*v. List the prime factors of l.
2, 5
Let g be -1 + 6/2 - 0. Suppose -190 = -g*k - 5*s, 108 = 4*k - 5*s - 272. What are the prime factors of k?
5, 19
Let l(h) = 3123*h - 36. List the prime factors of l(1).
3, 7
Let s(c) = 13*c**2 + 15*c - 8. Let x be s(-6). Suppose 2*d + 2*o - 34 = 360, -2*d + 4*o = -x. What are the prime factors of d?
193
Let g = -1304 - -1334. Suppose 2*m + 2*k - 48 = 0, -3*k - 37 - 53 = -3*m. Suppose 0 = g*s - m*s - 186. List the prime factors of s.
2, 31
Let n(y) = 179*y + 868. List the prime factors of n(12).
2, 13, 29
Let w(s) = 18*s**2 + 5 + 20*s + 2 + 0*s**3 - s**3 + 3. List the prime factors of w(19).
29
Let s(x) = x**3 - 2*x**2 - 7*x - 1. Let p be -1 + 0/3 - -5. Let h be s(p). Suppose -2 = -u + h*u, 19 = 2*k - 3*u. What are the prime factors of k?
2
Suppose -2*y + q = -242 - 353, 5*y - 5*q - 1480 = 0. List the prime factors of y.
13, 23
Suppose 5*w = 5*h - 20, -3*h - 3*w + 12 = -w. Let d(n) = 5 - h*n**2 - n**2 - n**3 + 6*n**2 + 3. What are the prime factors of d(0)?
2
Let f be ((-27)/4)/(8/160). Let a = -82 - f. List the prime factors of a.
53
Let g(r) = r + 39. Let a be g(-21). Let p = 4 + a. What are the prime factors of p?
2, 11
Suppose -3*c - 208 = -2*b, b - 104 = -0*b - c. Suppose -h - 23 = -b. What are the prime factors of h?
3
Suppose -3*w = h - 32, w = 6*h - h - 16. Suppose -10*v = -w*v - 1. What are the prime factors of (-225)/(-5) - (2 - v)?
2, 11
Suppose -v + 4*r - 11 = -0*v, -3*r + 6 = 0. Let w be (-9)/v + -3 + 3. Suppose 4*a = -2*k + 22, 3*k + w*a = -0*k + 42. List the prime factors of k.
17
Let i = 7065 - 2953. List the prime factors of i.
2, 257
Let q(o) = -5*o - 24. Let r be q(-6). Suppose -275 = -r*f + f. What are the prime factors of f?
5, 11
Let f = -22 - -6. Let k = f - -40. What are the prime factors of k?
2, 3
Let g(z) be the second derivative of 1/2*z**2 + 7/4*z**4 + 2*z + 1/6*z**3 + 0. List the prime factors of g(-1).
3, 7
Suppose 4*q - 22 = 3*q - i, -81 = -3*q + 2*i. Suppose -3*s = q - 97. What are the prime factors of 356/s + 3/18?
3, 5
Let s(l) = -l**2 - 15*l - 14. Let d be s(-10). Suppose 0 = 4*x - d - 20. Let h(n) = n**2 - 13*n + 7. What are the prime factors of h(x)?
3, 7
Suppose 0 = -118*l + 122*l - 3936. List the prime factors of l.
2, 3, 41
Let p(a) = 797*a**2 - 10*a - 9. List the prime factors of p(-1).
2, 3, 7, 19
What are the prime factors of 28/(-10)*(-1175)/10?
7, 47
Suppose 0 = f - 0*f - 2. Let r be (f - -43) + 1*4. Let u = r - 15. List the prime factors of u.
2, 17
Let q(b) = -2*b**2 - 29*b - 10. Let w be q(-15). Let t(z) = -36*z + 3. Let l be t(2). Let u = w - l. What are the prime factors of u?
2, 11
Let u(z) = z + 13. Let a be u(-6). Suppose -k = -a - 7. List the prime factors of k.
2, 7
Let h(t) = t**2 + 3*t. Let d be h(-2). Let o be 52/(-6)*(d + 8). Let c = o + 96. What are the prime factors of c?
2, 11
Let g(t) = -56*t**2 - 2*t - 1. Let s be g(-1). Let d be ((-154)/s)/(2/5). Suppose d*x = 2*x + 170. What are the prime factors of x?
2, 17
Let p(a) be the second derivative of -7*a**6/360 + 3*a**4/4 - 3*a. Let x(w) be the third derivative of p(w). What are the prime factors of x(-4)?
2, 7
Let u = -32 + 37. Suppose -284 = u*f - 9*f. List the prime factors of f.
71
Suppose 5*f = 12 - 12. Suppose f*j - 2*j = -194. What are the prime factors of j?
97
Let a = -78 - -79. What are the prime factors of (a + (-700)/8)*-2?
173
Let g(d) = d + 4 - 4*d**3 + 0*d + d**3 + 2*d**3. Let t be g(0). Suppose -2*h - h - 3*q + 72 = 0, -t*q = -3*h + 44. What are the prime factors of h?
2, 5
Let l be ((-20)/30)/(1/(-6)). Suppose -t - 197 = -2*a - 6*t, l*a = -t + 349. What are the prime factors of a?
2, 43
Suppose -l + 5 = 3*k + 1, -k - 2 = 2*l. Suppose 8 = -b - 2*v - 18, -k*b + v = 42. Let h = b - -61. List the prime factors of h.
3, 13
Let h be -3 - 15/3*(-28)/10. Suppose -h*v - 100 = -16*v. List the prime factors of v.
2, 5
Let q = -21 + 21. Suppose q*x = -5*x - 5*n, -3*x + 5*n = -32. Suppose -x*a = -140 - 12. What are the prime factors of a?
2, 19
Let r be 14*2/(3 - 1). Let l(o) = o**3 - 14*o**2 - 18*o + 46. Let g be l(15). What are the prime factors of 0 - 1 - (g - r)?
2, 3
Let s(o) = 1 + 2*o - 4*o**2 - 4*o + o + 1. Let g be s(-2). List the prime factors of 2*g/32*-12.
3
Suppose 0*h - 2*h + 4 = 0. Suppose -43 = -h*l - 13. Let i = l + -6. What are the prime factors of i?
3
Let v(o) = -o + 9. Let l be v(5). Suppose 4*t - 815 = -t + 2*n, 0 = l*n. List the prime factors of 2/(-7) - t/(-7).
23
Let s = -12 + 17. Suppose -2*u + u + s = 0, 0 = x - 5*u - 49. What are the prime factors of x?
2, 37
Let f(g) = -7 + 19*g**2 - 3*g - 40*g**2 + 22*g**2. Let o be (-50)/(-6) + 4/6. What are the prime factors of f(o)?
47
Suppose -2*k + y = -10, 0*k + 3*y + 18 = 2*k. Suppose -k*s + 2*s = 0. Suppose -t + 21 = 4*l - 109, 3*l - 4*t - 107 = s. What are the prime factors of l?
3, 11
Let u(a) = 9*a**2 + 26*a + 47. What are the prime factors of u(-16)?
3, 5, 43
Suppose y - 288 - 792 = 0. What are the prime factors of y?
2, 3, 5
Let j(l) = 144*l**2 + 5. What are the prime factors of j(2)?
7, 83
Let h(j) = -9*j - 21. Let t be h(15). Let v = t - -219. List the prime factors of v.
3, 7
Suppose 0 = -4*q + 9*q - 15, 0 = -4*w - 5*q + 3107. What are the prime factors of w?
773
Let a(o) = -8*o**3 - 13*o**2 - 34*o - 3. What are the prime factors of a(-7)?
2, 1171
Let o(m) = m - 1. Let r be o(3). Suppose 3*s = -f + 60, -r*f - f = 2*s - 201. List the prime factors of f.
3, 23
Let b(a) = a**3 + 15*a**2 + a + 23. Let f be b(-15). Let t(u) be the third derivative of u**4/12 - 4*u**3/3 + 2*u**2. List the prime factors of t(f).
2
Suppose -63 = -2*b + j + 459, -j + 773 = 3*b. List the prime factors of b.
7, 37
Suppose -5*j - 5527 = -2*l, -3*l + 4893 = -2*j - 3425. List the prime factors of l.
2, 347
Let a = -15 - -18. Suppose 0 = 3*s + 2*z + 3 - 16, a*s = z + 7. Suppose -3*f + 175 = 2*f - 5*n, 0 = 2*f - s*n - 75. List the prime factors of f.
2, 3, 5
Let o = 21 + -21. Suppose -5*q + 4*r = -0*r - 75, o = -3*q + 4*r + 37. What are the prime factors of q?
19
Suppose 3*h = -5*h + 2808. What are the prime factors of h?
3, 13
Suppose 2*z = -3*z + 3*c + 3161, -3*c = -3*z + 1899. List the prime factors of z.
631
Let j(t) = t**3 - 52*t**2 - 80*t - 116. What are the prime factors of j(54)?
2, 349
Suppose -3*y + 10 = -5. Suppose -32 = y*s - 222. List the prime factors of s.
2, 19
Let h(r) = r**3 + 4*r**2 - 6*r - 3. Let b be h(-5). Suppose 2*z + 3*x + 15 = 2, 0 = 4*x + 20. What are the prime factors of -6*z/b - -24?
3, 7
Let m(v) = 10*v - 38. What are the prime factors of m(10)?
2, 31
Suppose d + 88 = -d. Suppose 76 = -4*k - 0*k. Let o = k - d. List the prime factors of o.
5
Suppose -4*d + 461 = 3*m + 107, 442 = 5*d + 4*m. List the prime factors of 3*(-6)/(d/(-295)).
59
Let p be 1 + -1 + 9/9. Let r be -6*4/(-8) - p. Suppose r*k = -b - 0*k + 15, -4*b + 57 = 5*k. List the prime factors of b.
13
Let d(o) = 21*o**3 + 3*o**2 - 26*o + 83. List the prime factors of d(4).
3, 457
Let q(f) = f**3 + 14*f**2 - f - 14. Let h be q(-14). Suppose h = -t + 4*c + 120, -6*t + t - 2*c = -578. List the prime factors of t.
2, 29
Suppose 0 = -2*v - 2*v + 3*t + 5503, 4*t = 2*v - 2744. What are the prime factors of v?
2, 13, 53
Let z(j) be the first derivative of -j**5/20 - j**4/3 - j**3/2 - j - 1. Let h(a) be the first derivative of z(a). What are th